{"id":1558,"date":"2023-10-20T03:07:19","date_gmt":"2023-10-20T01:07:19","guid":{"rendered":"https:\/\/latienditabutterfly.com\/?post_type=product&#038;p=1558"},"modified":"2023-10-20T04:36:44","modified_gmt":"2023-10-20T02:36:44","slug":"cojin-feliz-cumpleanos","status":"publish","type":"product","link":"https:\/\/latienditabutterfly.com\/index.php\/product\/cojin-feliz-cumpleanos\/","title":{"rendered":"Coj\u00edn Feliz Cumplea\u00f1os"},"content":{"rendered":"","protected":false},"excerpt":{"rendered":"<p>Coj\u00edn de Feliz Cumplea\u00f1os, de 25 x 25 cm, el regalo light para nuestras personas especiales.<\/p>\n","protected":false},"featured_media":1567,"comment_status":"open","ping_status":"closed","template":"","meta":{"_joinchat":[]},"etheme_brands":[],"product_cat":[15],"product_tag":[],"_links":{"self":[{"href":"https:\/\/latienditabutterfly.com\/index.php\/wp-json\/wp\/v2\/product\/1558"}],"collection":[{"href":"https:\/\/latienditabutterfly.com\/index.php\/wp-json\/wp\/v2\/product"}],"about":[{"href":"https:\/\/latienditabutterfly.com\/index.php\/wp-json\/wp\/v2\/types\/product"}],"replies":[{"embeddable":true,"href":"https:\/\/latienditabutterfly.com\/index.php\/wp-json\/wp\/v2\/comments?post=1558"}],"version-history":[{"count":1,"href":"https:\/\/latienditabutterfly.com\/index.php\/wp-json\/wp\/v2\/product\/1558\/revisions"}],"predecessor-version":[{"id":1560,"href":"https:\/\/latienditabutterfly.com\/index.php\/wp-json\/wp\/v2\/product\/1558\/revisions\/1560"}],"wp:featuredmedia":[{"embeddable":true,"href":"https:\/\/latienditabutterfly.com\/index.php\/wp-json\/wp\/v2\/media\/1567"}],"wp:attachment":[{"href":"https:\/\/latienditabutterfly.com\/index.php\/wp-json\/wp\/v2\/media?parent=1558"}],"wp:term":[{"taxonomy":"brand","embeddable":true,"href":"https:\/\/latienditabutterfly.com\/index.php\/wp-json\/wp\/v2\/etheme_brands?post=1558"},{"taxonomy":"product_cat","embeddable":true,"href":"https:\/\/latienditabutterfly.com\/index.php\/wp-json\/wp\/v2\/product_cat?post=1558"},{"taxonomy":"product_tag","embeddable":true,"href":"https:\/\/latienditabutterfly.com\/index.php\/wp-json\/wp\/v2\/product_tag?post=1558"}],"curies":[{"name":"wp","href":"https:\/\/api.w.org\/{rel}","templated":true}]}}